9. What is the units digit of k?
7
Let l(m) = m**3 + 12*m**2 + 13*m + 1. What is the tens digit of l(-10)?
7
Suppose -4*h = -3 - 85. What is the units digit of h?
2
Let u(w) = 3*w - w - 3*w + 5*w**2 - w**3 - 4. Let v be u(4). Suppose -v*k + 25 = -3*k. What is the units digit of k?
5
Let i(j) = -79*j**3 + j**2 + j + 1. What is the tens digit of i(-1)?
8
Let s(h) = -h**3 + 9*h**2 + h + 5. Let d(f) = f + 16. Let z be d(-7). What is the tens digit of s(z)?
1
Suppose 5*l = 5*n + 30, 2*l + 2*n = 6*l - 16. Suppose -54 = -l*h - 12. What is the tens digit of h?
2
Let h be 0 - (-2)/(-1) - -5. Suppose w - h = -0. What is the units digit of w?
3
Let x(q) = q - 2. Let p be x(6). Let j = p + -4. Let i = 2 - j. What is the units digit of i?
2
Let n(v) = v**3 + v**2 + v - 5. Let g be n(0). Let o = -12 - -33. Let l = g + o. What is the units digit of l?
6
Let s be 4 + (-1 - 0) + 0. Suppose -f = 2*f - 3. Let c = s - f. What is the units digit of c?
2
Suppose 3*q = 3*b + 1 + 11, 6 = 5*q + 2*b. Suppose -3*o + q*o = -1. What is the units digit of o?
1
Let y(o) = 4*o**2 + o**2 + 4 - 4*o - 4*o**2. Let u be y(3). What is the units digit of u + 1 + (-2)/2?
1
Suppose q - 38 = 2*o, 2*q + o - 146 = -55. Suppose 7*u - 5*u = q. What is the units digit of u?
2
Let h(s) be the second derivative of -s**5/20 + s**4/12 + 13*s**2/2 - 2*s. What is the tens digit of h(0)?
1
Suppose 0*h + 2*h - 76 = 0. What is the units digit of h?
8
Suppose x - 132 = -2*x. Suppose 0 = 5*o - 11 - 4. Suppose -x = -5*n - o*k, -11 + 37 = 2*n + 4*k. What is the units digit of n?
7
What is the units digit of (-1)/(-1)*(35 - 6)?
9
What is the units digit of 4 - ((-1773)/18 - (-6)/(-4))?
4
Let f be 68/(-16) + 3/12. Let k be (0 - -3)*(5 + f). Suppose 0 = -0*r - k*r + 60. What is the units digit of r?
0
Let h(w) = w**2 + 5*w. What is the units digit of h(-7)?
4
Suppose 9 = -3*s - 3*x, s + 2*x - 12 = 6*x. Suppose 4*q - 119 - 65 = s. What is the tens digit of q?
4
Let j(w) = -w**2 - 6*w - 4. Suppose 3*b + 9 + 5 = h, -4*h = -8. What is the units digit of j(b)?
4
What is the units digit of 252/(-16)*(-16)/6?
2
Suppose z - 4*n - 61 = 0, 0 = n - 0 + 3. What is the units digit of -1 + z + (-5 - -5)?
8
Let q be -2 + (1 - 2)*-71. Suppose q = 3*o + 27. What is the units digit of ((-7)/(o/(-12)))/2?
3
Let p = -8 - -11. Suppose 2*b + 26 = 4*b. Suppose -b = -k - k + a, 0 = p*k - a - 20. What is the units digit of k?
7
Let n be (-12)/(-18)*(1 - -5). Let j = n - -3. What is the units digit of j?
7
What is the units digit of 105 + -5 + (1 - 0)?
1
Let t(d) = 3*d - 9. Let y(r) = -4*r - 4 + 5 + 3*r. Let g(x) = t(x) + 4*y(x). What is the units digit of g(-7)?
2
Suppose 0 = 2*t + t - 3*s - 12, -t - 6 = 4*s. Suppose l - 3*r = -1, -t*l = 3*r - 12 - 4. Suppose -3*b + 2*b = -z + 6, -l*b = 15. What is the units digit of z?
3
Let p = -32 + 101. What is the units digit of p?
9
Suppose -4*d = 3*v + 15, -6*v = -d - 3*v. Let j be (-7)/(-1) + d + 1. Suppose -2*y = -r + 4, -4*r - 5 = -j*r + y. What is the units digit of r?
6
Let g(f) = 3*f - 8. Let y be g(7). Let o = 35 - y. Suppose 0 = -3*i - 14 + 2, -3*v = -4*i - o. What is the units digit of v?
2
What is the hundreds digit of ((-3)/3)/((-2)/246)?
1
Let y = 1 + 1. Let r be 56 + -7 + 5 + -1. Suppose 0 = -5*z + y + r. What is the tens digit of z?
1
Let m(k) = 6*k**3 + 4*k**2 + 5*k - 5. Let b(q) = -7*q**3 - 4*q**2 - 6*q + 5. Let i(y) = -4*b(y) - 5*m(y). What is the units digit of i(-3)?
6
Let v be 2 - 0/(2/1). Let i(h) = 0*h - h**3 - 2*h**2 + 0*h**v - 4 - h. What is the units digit of i(-3)?
8
Let x be (-2)/(-10) - 56/5. Let p = x - -26. What is the units digit of p?
5
Suppose -612 - 468 = -5*w. What is the tens digit of w?
1
Let s = 148 - 58. What is the tens digit of s?
9
Let h = -13 + 22. What is the units digit of h?
9
Let j(y) = -4*y + 2*y + 5*y. Let r(h) = -h + 2. Let s be r(0). What is the units digit of j(s)?
6
Let h be (-28)/(-21) + 2/3. What is the units digit of (h + (-2 - 1))*-8?
8
Let r(o) = 50*o**2 - 1. What is the units digit of r(-1)?
9
Suppose -23 - 17 = -5*z. Let r = 9 - z. What is the units digit of r?
1
Let n = 12 + 6. What is the units digit of n?
8
Suppose -3*g - 11 = -80. What is the units digit of g?
3
Let h be (0 - 384/(-4)) + -2. Suppose -2*v + h = v - 2*s, 0 = v - 3*s - 22. What is the units digit of v?
4
What is the tens digit of 26*24/18*3?
0
Suppose l = 2*d + 10, 6 = -2*d + l - 2*l. Let p = d + 2. What is the units digit of (-8)/(-6)*(-3)/p?
2
Suppose -z = -3*c - 38, -c = -3*z + 3*c + 114. What is the tens digit of z?
3
Let l be 0 + -2 - -2 - -16. Suppose -2*r + l = -30. What is the tens digit of r?
2
Suppose 35 = 5*j - 4*f, 4*j = -2*f - 0*f + 2. What is the units digit of -8*2*j/(-8)?
6
Suppose 0 = 2*f - 4*z - 22, 4 = -5*z + 4*z. Suppose 2*p = -p + f. What is the units digit of p?
1
What is the units digit of -1 + 568/14 - (-8)/(-14)?
9
Let q = -1 + 1. What is the units digit of 0 - (q - (2 - -6))?
8
Let h be 3/(-6*1)*2. What is the units digit of -1 - (19/h - -2)?
6
Let a(o) = o**3 - 6*o**2 - 8*o - 9. Let m be a(8). Suppose -4*g + 29 + m = 0. What is the units digit of g?
1
Suppose -4*q + 715 = q. Let n = 102 - q. Let f = n - -59. What is the tens digit of f?
1
What is the tens digit of (-3 - -4)*93*1?
9
Let w(l) = 3*l - 4. What is the units digit of w(6)?
4
Let f = 18 + -7. What is the tens digit of f?
1
Let p(j) = 36*j - 10. What is the hundreds digit of p(5)?
1
Let z be 2 - 4*2/(-4). Suppose -4*p + 92 = -4*s, -z*s = p + p - 22. What is the tens digit of p?
1
Let m(j) be the first derivative of -j**3/3 + 2*j**2 + 3*j - 1. Let g = 5 - 1. What is the units digit of m(g)?
3
Let p be (-4)/(-6) + (-272)/(-6). Suppose p = 2*r + 12. Suppose b - 3*w - r = -b, b = -4*w + 36. What is the units digit of b?
6
Let w = -1 - -4. Suppose w = -0*h + h. Suppose a - h*i + 3 - 14 = 0, 0 = 2*i + 4. What is the units digit of a?
5
Let m(v) = v**2 + 3*v + 6. Suppose -4*b = 3*d - 7, 6*d - 2*d - 5 = -b. Let p = -3 - d. What is the tens digit of m(p)?
1
Suppose -5*i - 2*t = -10, t - 3 - 2 = 3*i. What is the units digit of -1 + (14 - (1 + i))?
2
Let k(y) = -y + 11. Let z be k(10). What is the units digit of (z/(-2))/((-2)/68)?
7
Suppose 45 = 2*a + 3*a. Let d(b) = -b + 9. Let r be d(a). Suppose 5*v - 4*p = v, -4*v + p + 3 = r. What is the units digit of v?
1
Suppose 9 = -2*q - 1. Let n be ((-6)/15)/(2/q). What is the units digit of (-6)/(n - 15/6)?
4
Let t = 120 + -70. What is the tens digit of t?
5
Let h = 0 + 8. Let o(l) = -20*l + 9. Let p be o(-1). Let u = p - h. What is the tens digit of u?
2
Suppose 6*s = 2*s + 60. What is the units digit of s?
5
Suppose -5*c + 5*k - 2 + 132 = 0, 25 = -5*k. What is the units digit of c?
1
Let j = -96 - -177. What is the units digit of j?
1
Let i be -6*(9/6 - 2). Suppose h - i*h = -30. What is the tens digit of h?
1
Let s(y) = y**3 - y - 1. Let n(c) = -5*c**2 - 2 + 0*c**3 - 4*c**3 + 8*c + 2*c**3. Let f(i) = -n(i) - s(i). What is the units digit of f(-6)?
9
Let k(f) = -f**2 - 6*f - 5. Let l be (-4 - -4) + (-2 - 1). What is the units digit of k(l)?
4
Let y = 35 + -21. Let n be (-2)/(-4) + 553/y. Suppose 4*a + 3*d - n = 0, 3*a - 20 = a - 3*d. What is the tens digit of a?
1
Suppose -3*a = -4*v - 22, 5*a + v - 10 + 4 = 0. Let u = 14 - a. What is the units digit of u?
2
Let p(l) = -6*l + 7. Let j(s) = 7*s - 8. Let x(g) = 5*j(g) + 6*p(g). Let a be x(-2). Suppose -5*u = a*d + 8, -20 = -4*d + 3*u + 4. What is the units digit of d?
3
Let i = -8 + 47. What is the units digit of i?
9
Suppose -63 = 3*h - 7*h + d, d = h - 12. What is the tens digit of h?
1
Let j(c) = c**3 + 5*c**2 + 4*c - 1. Let z = -13 - -18. Let t = -8 + z. What is the units digit of j(t)?
5
Suppose -4 + 76 = h. Suppose -3*p - p = h. What is the units digit of (p/15)/(9/(-60))?
8
Let m(z) = 9*z + 9. Let s = 23 + -19. What is the tens digit of m(s)?
4
Let y(v) = 3*v. Let m(x) = x**2 + 9*x - 9. Let p be m(-10). What is the units digit of y(p)?
3
Suppose 0 = 6*l - 638 - 172. What is the tens digit of l?
3
Let j(k) = 8*k - 3. Let c be j(6). Let d be ((-1)/3)/((-3)/c). Suppose 16 = d*v + 1. What is the units digit of v?
3
Suppose 3*p = 5*n - 114, -3*n + 78 = -3*p + 12. Let u = 44 - n. What is the units digit of u?
0
Suppose 0 = -3*u - 5*r + 234, -390 = 2*u - 7*u - r. What is the units digit o